[INFO] cloning repository https://github.com/tureus/log-sloth
[INFO] running `Command { std: "git" "-c" "credential.helper=" "-c" "credential.helper=/workspace/cargo-home/bin/git-credential-null" "clone" "--bare" "https://github.com/tureus/log-sloth" "/workspace/cache/git-repos/https%3A%2F%2Fgithub.com%2Ftureus%2Flog-sloth", kill_on_drop: false }`
[INFO] [stderr] Cloning into bare repository '/workspace/cache/git-repos/https%3A%2F%2Fgithub.com%2Ftureus%2Flog-sloth'...
[INFO] running `Command { std: "git" "rev-parse" "HEAD", kill_on_drop: false }`
[INFO] [stdout] 7bdd0674e2c9ba418ec6425b982925ccc7204765
[INFO] checking tureus/log-sloth against master#cfbc6d4cf1acbac5c025acf8ed68929caa551df3 for pr-75494-beta
[INFO] running `Command { std: "git" "clone" "/workspace/cache/git-repos/https%3A%2F%2Fgithub.com%2Ftureus%2Flog-sloth" "/workspace/builds/worker-0/source", kill_on_drop: false }`
[INFO] [stderr] Cloning into '/workspace/builds/worker-0/source'...
[INFO] [stderr] done.
[INFO] validating manifest of git repo https://github.com/tureus/log-sloth on toolchain cfbc6d4cf1acbac5c025acf8ed68929caa551df3
[INFO] running `Command { std: "/workspace/cargo-home/bin/cargo" "+cfbc6d4cf1acbac5c025acf8ed68929caa551df3" "read-manifest" "--manifest-path" "Cargo.toml", kill_on_drop: false }`
[INFO] started tweaking git repo https://github.com/tureus/log-sloth
[INFO] removed path dependency nom-syslog from git repo https://github.com/tureus/log-sloth
[INFO] finished tweaking git repo https://github.com/tureus/log-sloth
[INFO] tweaked toml for git repo https://github.com/tureus/log-sloth written to /workspace/builds/worker-0/source/Cargo.toml
[INFO] crate git repo https://github.com/tureus/log-sloth already has a lockfile, it will not be regenerated
[INFO] running `Command { std: "/workspace/cargo-home/bin/cargo" "+cfbc6d4cf1acbac5c025acf8ed68929caa551df3" "fetch" "--locked" "--manifest-path" "Cargo.toml", kill_on_drop: false }`
[INFO] [stderr] warning: dependency (nom-syslog) specified without providing a local path, Git repository, or version to use. This will be considered an error in future versions
[INFO] [stderr]     Updating crates.io index
[INFO] [stderr]     Updating git repository `https://github.com/rusoto/rusoto`
[INFO] [stderr]     Updating git submodule `https://github.com/boto/botocore.git`
[INFO] [stderr] error: the lock file /workspace/builds/worker-0/source/Cargo.lock needs to be updated but --locked was passed to prevent this
[INFO] [stderr] If you want to try to generate the lock file without accessing the network, use the --offline flag.
[INFO] the lockfile is outdated, regenerating it
[INFO] running `Command { std: "/workspace/cargo-home/bin/cargo" "+cfbc6d4cf1acbac5c025acf8ed68929caa551df3" "generate-lockfile" "--manifest-path" "Cargo.toml" "-Zno-index-update", kill_on_drop: false }`
[INFO] [stderr]     Blocking waiting for file lock on package cache
[INFO] [stderr]     Updating git repository `https://github.com/rusoto/rusoto`
[INFO] [stderr]     Updating git submodule `https://github.com/boto/botocore.git`
[INFO] running `Command { std: "/workspace/cargo-home/bin/cargo" "+cfbc6d4cf1acbac5c025acf8ed68929caa551df3" "fetch" "--locked" "--manifest-path" "Cargo.toml", kill_on_drop: false }`
[INFO] [stderr] warning: dependency (nom-syslog) specified without providing a local path, Git repository, or version to use. This will be considered an error in future versions
[INFO] [stderr]     Blocking waiting for file lock on package cache
[INFO] [stderr]     Blocking waiting for file lock on package cache
[INFO] [stderr]  Downloading crates ...
[INFO] [stderr]   Downloaded docopt v0.8.3
[INFO] [stderr]   Downloaded ctrlc v3.1.6
[INFO] [stderr]   Downloaded nom-syslog v0.1.3
[INFO] [stderr]   Downloaded prctl v1.0.0
[INFO] running `Command { std: "docker" "create" "-v" "/var/lib/crater-agent-workspace/builds/worker-0/target:/opt/rustwide/target:rw,Z" "-v" "/var/lib/crater-agent-workspace/builds/worker-0/source:/opt/rustwide/workdir:ro,Z" "-v" "/var/lib/crater-agent-workspace/cargo-home:/opt/rustwide/cargo-home:ro,Z" "-v" "/var/lib/crater-agent-workspace/rustup-home:/opt/rustwide/rustup-home:ro,Z" "-e" "SOURCE_DIR=/opt/rustwide/workdir" "-e" "CARGO_TARGET_DIR=/opt/rustwide/target" "-e" "CARGO_HOME=/opt/rustwide/cargo-home" "-e" "RUSTUP_HOME=/opt/rustwide/rustup-home" "-w" "/opt/rustwide/workdir" "-m" "1610612736" "--user" "0:0" "--network" "none" "rustops/crates-build-env@sha256:a636fd89d022f18117e1dc8fb37a0a009933cdbbe082814857f0e2024962d47c" "/opt/rustwide/cargo-home/bin/cargo" "+cfbc6d4cf1acbac5c025acf8ed68929caa551df3" "metadata" "--no-deps" "--format-version=1", kill_on_drop: false }`
[INFO] [stdout] d6bfa713dbd2ab76a5988ff8b3b311650ac41071f4ed5e09b62b20ee5f42af1d
[INFO] [stderr] WARNING: Your kernel does not support swap limit capabilities or the cgroup is not mounted. Memory limited without swap.
[INFO] running `Command { std: "docker" "start" "-a" "d6bfa713dbd2ab76a5988ff8b3b311650ac41071f4ed5e09b62b20ee5f42af1d", kill_on_drop: false }`
[INFO] running `Command { std: "docker" "inspect" "d6bfa713dbd2ab76a5988ff8b3b311650ac41071f4ed5e09b62b20ee5f42af1d", kill_on_drop: false }`
[INFO] running `Command { std: "docker" "rm" "-f" "d6bfa713dbd2ab76a5988ff8b3b311650ac41071f4ed5e09b62b20ee5f42af1d", kill_on_drop: false }`
[INFO] [stdout] d6bfa713dbd2ab76a5988ff8b3b311650ac41071f4ed5e09b62b20ee5f42af1d
[INFO] running `Command { std: "docker" "create" "-v" "/var/lib/crater-agent-workspace/builds/worker-0/target:/opt/rustwide/target:rw,Z" "-v" "/var/lib/crater-agent-workspace/builds/worker-0/source:/opt/rustwide/workdir:ro,Z" "-v" "/var/lib/crater-agent-workspace/cargo-home:/opt/rustwide/cargo-home:ro,Z" "-v" "/var/lib/crater-agent-workspace/rustup-home:/opt/rustwide/rustup-home:ro,Z" "-e" "SOURCE_DIR=/opt/rustwide/workdir" "-e" "CARGO_TARGET_DIR=/opt/rustwide/target" "-e" "CARGO_INCREMENTAL=0" "-e" "RUST_BACKTRACE=full" "-e" "RUSTFLAGS=--cap-lints=forbid" "-e" "CARGO_HOME=/opt/rustwide/cargo-home" "-e" "RUSTUP_HOME=/opt/rustwide/rustup-home" "-w" "/opt/rustwide/workdir" "-m" "1610612736" "--user" "0:0" "--network" "none" "rustops/crates-build-env@sha256:a636fd89d022f18117e1dc8fb37a0a009933cdbbe082814857f0e2024962d47c" "/opt/rustwide/cargo-home/bin/cargo" "+cfbc6d4cf1acbac5c025acf8ed68929caa551df3" "check" "--frozen" "--all" "--all-targets" "--message-format=json", kill_on_drop: false }`
[INFO] [stderr] WARNING: Your kernel does not support swap limit capabilities or the cgroup is not mounted. Memory limited without swap.
[INFO] [stdout] 675af625199c20f1fd96be77bf073aaeffa2617ebb7d75b33553a002b6cbdd03
[INFO] running `Command { std: "docker" "start" "-a" "675af625199c20f1fd96be77bf073aaeffa2617ebb7d75b33553a002b6cbdd03", kill_on_drop: false }`
[INFO] [stderr] warning: dependency (nom-syslog) specified without providing a local path, Git repository, or version to use. This will be considered an error in future versions
[INFO] [stderr]    Compiling libc v0.2.76
[INFO] [stderr]    Compiling autocfg v1.0.1
[INFO] [stderr]     Checking cfg-if v0.1.10
[INFO] [stderr]     Checking lazy_static v1.4.0
[INFO] [stderr]    Compiling proc-macro2 v1.0.19
[INFO] [stderr]    Compiling unicode-xid v0.2.1
[INFO] [stderr]    Compiling log v0.4.11
[INFO] [stderr]     Checking slab v0.4.2
[INFO] [stderr]    Compiling version_check v0.9.2
[INFO] [stderr]    Compiling memchr v2.3.3
[INFO] [stderr]     Checking fnv v1.0.7
[INFO] [stderr]    Compiling maybe-uninit v2.0.0
[INFO] [stderr]     Checking futures-core v0.3.5
[INFO] [stderr]    Compiling bitflags v1.2.1
[INFO] [stderr]    Compiling serde_derive v1.0.115
[INFO] [stderr]     Checking futures v0.1.29
[INFO] [stderr]    Compiling proc-macro-hack v0.5.18
[INFO] [stderr]    Compiling pin-project-internal v0.4.23
[INFO] [stderr]    Compiling proc-macro-nested v0.1.6
[INFO] [stderr]     Checking bytes v0.5.6
[INFO] [stderr]     Checking scopeguard v1.1.0
[INFO] [stderr]    Compiling byteorder v1.3.4
[INFO] [stderr]     Checking futures-sink v0.3.5
[INFO] [stderr]    Compiling typenum v1.12.0
[INFO] [stderr]    Compiling cc v1.0.59
[INFO] [stderr]    Compiling pkg-config v0.3.18
[INFO] [stderr]     Checking pin-project-lite v0.1.7
[INFO] [stderr]     Checking itoa v0.4.6
[INFO] [stderr]     Checking futures-io v0.3.5
[INFO] [stderr]     Checking pin-utils v0.1.0
[INFO] [stderr]    Compiling ryu v1.0.5
[INFO] [stderr]     Checking try-lock v0.2.3
[INFO] [stderr]     Checking foreign-types-shared v0.1.1
[INFO] [stderr]    Compiling native-tls v0.2.4
[INFO] [stderr]    Compiling serde_json v1.0.57
[INFO] [stderr]     Checking regex-syntax v0.6.18
[INFO] [stderr]     Checking openssl-probe v0.1.2
[INFO] [stderr]     Checking subtle v2.2.3
[INFO] [stderr]    Compiling crc32fast v1.2.0
[INFO] [stderr]     Checking opaque-debug v0.3.0
[INFO] [stderr]     Checking cpuid-bool v0.1.2
[INFO] [stderr]     Checking zeroize v1.1.0
[INFO] [stderr]     Checking shlex v0.1.1
[INFO] [stderr]    Compiling regex v0.2.11
[INFO] [stderr]    Compiling nix v0.18.0
[INFO] [stderr]     Checking ucd-util v0.1.8
[INFO] [stderr]     Checking percent-encoding v2.1.0
[INFO] [stderr]     Checking md5 v0.7.0
[INFO] [stderr]    Compiling nix v0.17.0
[INFO] [stderr]     Checking hex v0.4.2
[INFO] [stderr]    Compiling lexical-core v0.7.4
[INFO] [stderr]     Checking utf8-ranges v1.0.4
[INFO] [stderr]     Checking arrayvec v0.5.1
[INFO] [stderr]     Checking void v1.0.2
[INFO] [stderr]     Checking static_assertions v1.1.0
[INFO] [stderr]     Checking xml-rs v0.8.3
[INFO] [stderr]     Checking strsim v0.6.0
[INFO] [stderr]     Checking scoped-tls v0.1.2
[INFO] [stderr]     Checking termcolor v1.1.0
[INFO] [stderr]     Checking tracing-core v0.1.15
[INFO] [stderr]     Checking thread_local v1.0.1
[INFO] [stderr]     Checking thread_local v0.3.6
[INFO] [stderr]     Checking lock_api v0.3.4
[INFO] [stderr]     Checking futures-channel v0.3.5
[INFO] [stderr]     Checking foreign-types v0.3.2
[INFO] [stderr]    Compiling generic-array v0.14.4
[INFO] [stderr]    Compiling standback v0.2.10
[INFO] [stderr]    Compiling time v0.2.16
[INFO] [stderr]    Compiling nom v5.1.2
[INFO] [stderr]     Checking http v0.2.1
[INFO] [stderr]    Compiling crossbeam-utils v0.7.2
[INFO] [stderr]    Compiling hashbrown v0.8.2
[INFO] [stderr]    Compiling indexmap v1.5.1
[INFO] [stderr]    Compiling memoffset v0.5.5
[INFO] [stderr]    Compiling num-traits v0.2.12
[INFO] [stderr]    Compiling crossbeam-epoch v0.8.2
[INFO] [stderr]    Compiling num-integer v0.1.43
[INFO] [stderr]     Checking regex-syntax v0.5.6
[INFO] [stderr]    Compiling parking_lot_core v0.6.2
[INFO] [stderr]    Compiling parking_lot v0.9.0
[INFO] [stderr]    Compiling rusoto_core v0.45.0 (https://github.com/rusoto/rusoto#e54bc467)
[INFO] [stderr]     Checking smallvec v0.6.13
[INFO] [stderr]     Checking tracing v0.1.19
[INFO] [stderr]     Checking want v0.3.0
[INFO] [stderr]     Checking tokio-sync v0.1.8
[INFO] [stderr]     Checking aho-corasick v0.7.13
[INFO] [stderr]     Checking aho-corasick v0.6.10
[INFO] [stderr]    Compiling quote v1.0.7
[INFO] [stderr]     Checking tokio-executor v0.1.10
[INFO] [stderr]     Checking crossbeam-queue v0.2.3
[INFO] [stderr]     Checking tokio-current-thread v0.1.7
[INFO] [stderr]     Checking tokio-timer v0.2.13
[INFO] [stderr]    Compiling syn v1.0.39
[INFO] [stderr]     Checking crossbeam-deque v0.7.3
[INFO] [stderr]    Compiling openssl-sys v0.9.58
[INFO] [stderr]     Checking digest v0.9.0
[INFO] [stderr]     Checking block-buffer v0.9.0
[INFO] [stderr]     Checking crypto-mac v0.8.0
[INFO] [stderr]     Checking iovec v0.1.4
[INFO] [stderr]     Checking net2 v0.2.34
[INFO] [stderr]     Checking signal-hook-registry v1.2.1
[INFO] [stderr]     Checking time v0.1.43
[INFO] [stderr]     Checking num_cpus v1.13.0
[INFO] [stderr]     Checking socket2 v0.3.12
[INFO] [stderr]     Checking dirs-sys v0.3.5
[INFO] [stderr]     Checking atty v0.2.14
[INFO] [stderr]     Checking memchr v1.0.2
[INFO] [stderr]     Checking hostname v0.1.5
[INFO] [stderr]     Checking bytes v0.4.12
[INFO] [stderr]     Checking sha2 v0.9.1
[INFO] [stderr]     Checking hmac v0.8.1
[INFO] [stderr]     Checking regex v1.3.9
[INFO] [stderr]     Checking pretty-bytes v0.2.2
[INFO] [stderr]     Checking http-body v0.3.1
[INFO] [stderr]     Checking tokio-threadpool v0.1.18
[INFO] [stderr]     Checking dirs v2.0.2
[INFO] [stderr]     Checking nom v3.2.1
[INFO] [stderr]     Checking mio v0.6.22
[INFO] [stderr]    Compiling openssl v0.10.30
[INFO] [stderr]     Checking tokio-io v0.1.13
[INFO] [stderr]     Checking mio-uds v0.6.8
[INFO] [stderr]     Checking tokio-reactor v0.1.12
[INFO] [stderr]     Checking tokio-codec v0.1.2
[INFO] [stderr]     Checking tokio-fs v0.1.7
[INFO] [stderr]     Checking nom-syslog v0.1.3
[INFO] [stderr]     Checking env_logger v0.7.1
[INFO] [stderr]     Checking tokio-udp v0.1.6
[INFO] [stderr]     Checking tokio-uds v0.2.7
[INFO] [stderr]     Checking tokio-tcp v0.1.4
[INFO] [stderr]     Checking tokio v0.1.22
[INFO] [stderr]     Checking tokio-core v0.1.17
[INFO] [stderr]     Checking ctrlc v3.1.6
[INFO] [stderr]     Checking prctl v1.0.0
[INFO] [stderr]    Compiling tokio-macros v0.2.5
[INFO] [stderr]    Compiling futures-macro v0.3.5
[INFO] [stderr]    Compiling time-macros-impl v0.1.1
[INFO] [stderr]    Compiling async-trait v0.1.38
[INFO] [stderr]     Checking time-macros v0.1.0
[INFO] [stderr]     Checking tokio v0.2.22
[INFO] [stderr]     Checking pin-project v0.4.23
[INFO] [stderr]     Checking futures-util v0.3.5
[INFO] [stderr]     Checking tokio-util v0.3.1
[INFO] [stderr]     Checking tokio-tls v0.3.1
[INFO] [stderr]     Checking serde v1.0.115
[INFO] [stderr]     Checking futures-executor v0.3.5
[INFO] [stderr]     Checking futures v0.3.5
[INFO] [stderr]     Checking chrono v0.4.15
[INFO] [stderr]     Checking docopt v0.8.3
[INFO] [stderr]     Checking h2 v0.2.6
[INFO] [stderr]     Checking hyper v0.13.7
[INFO] [stderr]     Checking rusoto_credential v0.45.0 (https://github.com/rusoto/rusoto#e54bc467)
[INFO] [stderr]     Checking hyper-tls v0.4.3
[INFO] [stderr]     Checking rusoto_signature v0.45.0 (https://github.com/rusoto/rusoto#e54bc467)
[INFO] [stderr]     Checking rusoto_kinesis v0.45.0 (https://github.com/rusoto/rusoto#e54bc467)
[INFO] [stderr]     Checking log-sloth v0.2.0 (/opt/rustwide/workdir)
[INFO] [stdout] error: cannot find macro `tag_s` in this scope
[INFO] [stdout]   --> src/fortigate_kv.rs:18:17
[INFO] [stdout]    |
[INFO] [stdout] 18 |                 tag_s!("\"") >>
[INFO] [stdout]    |                 ^^^^^
[INFO] [stdout] 
[INFO] [stdout] 
[INFO] [stdout] error: cannot find macro `take_till_s` in this scope
[INFO] [stdout]    --> src/fortigate_kv.rs:19:20
[INFO] [stdout]     |
[INFO] [stdout] 19  |                   s: take_till_s!(quote_delim) >>
[INFO] [stdout]     |                      ^^^^^^^^^^^ help: a macro with a similar name exists: `take_till`
[INFO] [stdout]     | 
[INFO] [stdout]    ::: /opt/rustwide/cargo-home/registry/src/github.com-1ecc6299db9ec823/nom-5.1.2/src/bytes/macros.rs:294:1
[INFO] [stdout]     |
[INFO] [stdout] 294 | / macro_rules! take_till (
[INFO] [stdout] 295 | |   ($input:expr, $submac:ident!( $($args:tt)* )) => ({
[INFO] [stdout] 296 | |     let res: $crate::IResult<_, _, _> = take_till!($input, (|c| $submac!(c, $($args)*)));
[INFO] [stdout] 297 | |     res
[INFO] [stdout] ...   |
[INFO] [stdout] 301 | |   );
[INFO] [stdout] 302 | | );
[INFO] [stdout]     | |__- similarly named macro `take_till` defined here
[INFO] [stdout] 
[INFO] [stdout] 
[INFO] [stdout] error: cannot find macro `tag_s` in this scope
[INFO] [stdout]   --> src/fortigate_kv.rs:20:17
[INFO] [stdout]    |
[INFO] [stdout] 20 |                 tag_s!("\"") >>
[INFO] [stdout]    |                 ^^^^^
[INFO] [stdout] 
[INFO] [stdout] 
[INFO] [stdout] error: cannot find macro `take_till_s` in this scope
[INFO] [stdout]    --> src/fortigate_kv.rs:26:20
[INFO] [stdout]     |
[INFO] [stdout] 26  |                   s: take_till_s!(space_delim) >>
[INFO] [stdout]     |                      ^^^^^^^^^^^ help: a macro with a similar name exists: `take_till`
[INFO] [stdout]     | 
[INFO] [stdout]    ::: /opt/rustwide/cargo-home/registry/src/github.com-1ecc6299db9ec823/nom-5.1.2/src/bytes/macros.rs:294:1
[INFO] [stdout]     |
[INFO] [stdout] 294 | / macro_rules! take_till (
[INFO] [stdout] 295 | |   ($input:expr, $submac:ident!( $($args:tt)* )) => ({
[INFO] [stdout] 296 | |     let res: $crate::IResult<_, _, _> = take_till!($input, (|c| $submac!(c, $($args)*)));
[INFO] [stdout] 297 | |     res
[INFO] [stdout] ...   |
[INFO] [stdout] 301 | |   );
[INFO] [stdout] 302 | | );
[INFO] [stdout]     | |__- similarly named macro `take_till` defined here
[INFO] [stdout] 
[INFO] [stdout] 
[INFO] [stdout] error: cannot find macro `take_till_s` in this scope
[INFO] [stdout]    --> src/fortigate_kv.rs:36:12
[INFO] [stdout]     |
[INFO] [stdout] 36  |           k: take_till_s!(equal_delim) >>
[INFO] [stdout]     |              ^^^^^^^^^^^ help: a macro with a similar name exists: `take_till`
[INFO] [stdout]     | 
[INFO] [stdout]    ::: /opt/rustwide/cargo-home/registry/src/github.com-1ecc6299db9ec823/nom-5.1.2/src/bytes/macros.rs:294:1
[INFO] [stdout]     |
[INFO] [stdout] 294 | / macro_rules! take_till (
[INFO] [stdout] 295 | |   ($input:expr, $submac:ident!( $($args:tt)* )) => ({
[INFO] [stdout] 296 | |     let res: $crate::IResult<_, _, _> = take_till!($input, (|c| $submac!(c, $($args)*)));
[INFO] [stdout] 297 | |     res
[INFO] [stdout] ...   |
[INFO] [stdout] 301 | |   );
[INFO] [stdout] 302 | | );
[INFO] [stdout]     | |__- similarly named macro `take_till` defined here
[INFO] [stdout] 
[INFO] [stdout] 
[INFO] [stdout] error: cannot find macro `tag_s` in this scope
[INFO] [stdout]   --> src/fortigate_kv.rs:37:9
[INFO] [stdout]    |
[INFO] [stdout] 37 |         tag_s!("=") >>
[INFO] [stdout]    |         ^^^^^
[INFO] [stdout] 
[INFO] [stdout] 
[INFO] [stdout] error[E0425]: cannot find function `now` in crate `time`
[INFO] [stdout]   --> src/stats.rs:98:21
[INFO] [stdout]    |
[INFO] [stdout] 98 |     let now = time::now();
[INFO] [stdout]    |                     ^^^ not found in `time`
[INFO] [stdout] 
[INFO] [stdout] 
[INFO] [stdout] error: cannot find macro `tag_s` in this scope
[INFO] [stdout]   --> src/fortigate_kv.rs:18:17
[INFO] [stdout]    |
[INFO] [stdout] 18 |                 tag_s!("\"") >>
[INFO] [stdout]    |                 ^^^^^
[INFO] [stdout] 
[INFO] [stdout] 
[INFO] [stdout] error: cannot find macro `take_till_s` in this scope
[INFO] [stdout]    --> src/fortigate_kv.rs:19:20
[INFO] [stdout]     |
[INFO] [stdout] 19  |                   s: take_till_s!(quote_delim) >>
[INFO] [stdout]     |                      ^^^^^^^^^^^ help: a macro with a similar name exists: `take_till`
[INFO] [stdout]     | 
[INFO] [stdout]    ::: /opt/rustwide/cargo-home/registry/src/github.com-1ecc6299db9ec823/nom-5.1.2/src/bytes/macros.rs:294:1
[INFO] [stdout]     |
[INFO] [stdout] 294 | / macro_rules! take_till (
[INFO] [stdout] 295 | |   ($input:expr, $submac:ident!( $($args:tt)* )) => ({
[INFO] [stdout] 296 | |     let res: $crate::IResult<_, _, _> = take_till!($input, (|c| $submac!(c, $($args)*)));
[INFO] [stdout] 297 | |     res
[INFO] [stdout] ...   |
[INFO] [stdout] 301 | |   );
[INFO] [stdout] 302 | | );
[INFO] [stdout]     | |__- similarly named macro `take_till` defined here
[INFO] [stdout] 
[INFO] [stdout] 
[INFO] [stdout] error: cannot find macro `tag_s` in this scope
[INFO] [stdout]   --> src/fortigate_kv.rs:20:17
[INFO] [stdout]    |
[INFO] [stdout] 20 |                 tag_s!("\"") >>
[INFO] [stdout]    |                 ^^^^^
[INFO] [stdout] 
[INFO] [stdout] 
[INFO] [stdout] error: cannot find macro `take_till_s` in this scope
[INFO] [stdout]    --> src/fortigate_kv.rs:26:20
[INFO] [stdout]     |
[INFO] [stdout] 26  |                   s: take_till_s!(space_delim) >>
[INFO] [stdout]     |                      ^^^^^^^^^^^ help: a macro with a similar name exists: `take_till`
[INFO] [stdout]     | 
[INFO] [stdout]    ::: /opt/rustwide/cargo-home/registry/src/github.com-1ecc6299db9ec823/nom-5.1.2/src/bytes/macros.rs:294:1
[INFO] [stdout]     |
[INFO] [stdout] 294 | / macro_rules! take_till (
[INFO] [stdout] 295 | |   ($input:expr, $submac:ident!( $($args:tt)* )) => ({
[INFO] [stdout] 296 | |     let res: $crate::IResult<_, _, _> = take_till!($input, (|c| $submac!(c, $($args)*)));
[INFO] [stdout] 297 | |     res
[INFO] [stdout] ...   |
[INFO] [stdout] 301 | |   );
[INFO] [stdout] 302 | | );
[INFO] [stdout]     | |__- similarly named macro `take_till` defined here
[INFO] [stdout] 
[INFO] [stdout] 
[INFO] [stdout] warning: use of deprecated item 'ws': whitespace parsing only works with macros and will not be updated anymore
[INFO] [stdout]   --> src/fortigate_kv.rs:47:1
[INFO] [stdout]    |
[INFO] [stdout] 47 | / named!(
[INFO] [stdout] 48 | |     kv<&str, Vec<(&str,&str)>>,
[INFO] [stdout] 49 | |     many0!(ws!(pair))
[INFO] [stdout] 50 | | );
[INFO] [stdout]    | |__^
[INFO] [stdout]    |
[INFO] [stdout]    = note: `#[warn(deprecated)]` on by default
[INFO] [stdout]    = note: this warning originates in a macro (in Nightly builds, run with -Z macro-backtrace for more info)
[INFO] [stdout] 
[INFO] [stdout] 
[INFO] [stdout] warning: unused imports: `Future`, `Stream`
[INFO] [stdout]  --> src/stats.rs:9:15
[INFO] [stdout]   |
[INFO] [stdout] 9 | use futures::{Future, Stream};
[INFO] [stdout]   |               ^^^^^^  ^^^^^^
[INFO] [stdout]   |
[INFO] [stdout]   = note: `#[warn(unused_imports)]` on by default
[INFO] [stdout] 
[INFO] [stdout] 
[INFO] [stdout] error: cannot find macro `take_till_s` in this scope
[INFO] [stdout]    --> src/fortigate_kv.rs:36:12
[INFO] [stdout]     |
[INFO] [stdout] 36  |           k: take_till_s!(equal_delim) >>
[INFO] [stdout]     |              ^^^^^^^^^^^ help: a macro with a similar name exists: `take_till`
[INFO] [stdout]     | 
[INFO] [stdout]    ::: /opt/rustwide/cargo-home/registry/src/github.com-1ecc6299db9ec823/nom-5.1.2/src/bytes/macros.rs:294:1
[INFO] [stdout]     |
[INFO] [stdout] 294 | / macro_rules! take_till (
[INFO] [stdout] 295 | |   ($input:expr, $submac:ident!( $($args:tt)* )) => ({
[INFO] [stdout] 296 | |     let res: $crate::IResult<_, _, _> = take_till!($input, (|c| $submac!(c, $($args)*)));
[INFO] [stdout] 297 | |     res
[INFO] [stdout] ...   |
[INFO] [stdout] 301 | |   );
[INFO] [stdout] 302 | | );
[INFO] [stdout]     | |__- similarly named macro `take_till` defined here
[INFO] [stdout] 
[INFO] [stdout] 
[INFO] [stdout] error: cannot find macro `tag_s` in this scope
[INFO] [stdout]   --> src/fortigate_kv.rs:37:9
[INFO] [stdout]    |
[INFO] [stdout] 37 |         tag_s!("=") >>
[INFO] [stdout]    |         ^^^^^
[INFO] [stdout] 
[INFO] [stdout] 
[INFO] [stdout] error[E0425]: cannot find function `now` in crate `time`
[INFO] [stdout]   --> src/stats.rs:98:21
[INFO] [stdout]    |
[INFO] [stdout] 98 |     let now = time::now();
[INFO] [stdout]    |                     ^^^ not found in `time`
[INFO] [stdout] 
[INFO] [stdout] 
[INFO] [stdout] warning: use of deprecated item 'ws': whitespace parsing only works with macros and will not be updated anymore
[INFO] [stdout]   --> src/fortigate_kv.rs:47:1
[INFO] [stdout]    |
[INFO] [stdout] 47 | / named!(
[INFO] [stdout] 48 | |     kv<&str, Vec<(&str,&str)>>,
[INFO] [stdout] 49 | |     many0!(ws!(pair))
[INFO] [stdout] 50 | | );
[INFO] [stdout]    | |__^
[INFO] [stdout]    |
[INFO] [stdout]    = note: `#[warn(deprecated)]` on by default
[INFO] [stdout]    = note: this warning originates in a macro (in Nightly builds, run with -Z macro-backtrace for more info)
[INFO] [stdout] 
[INFO] [stdout] 
[INFO] [stdout] warning: unused imports: `Future`, `Stream`
[INFO] [stdout]  --> src/stats.rs:9:15
[INFO] [stdout]   |
[INFO] [stdout] 9 | use futures::{Future, Stream};
[INFO] [stdout]   |               ^^^^^^  ^^^^^^
[INFO] [stdout]   |
[INFO] [stdout]   = note: `#[warn(unused_imports)]` on by default
[INFO] [stdout] 
[INFO] [stdout] 
[INFO] [stdout] error[E0061]: this function takes 0 arguments but 1 argument was supplied
[INFO] [stdout]   --> src/stats.rs:40:26
[INFO] [stdout]    |
[INFO] [stdout] 40 |             let client = Client::new(&handle);
[INFO] [stdout]    |                          ^^^^^^^^^^^ ------- supplied 1 argument
[INFO] [stdout]    |                          |
[INFO] [stdout]    |                          expected 0 arguments
[INFO] [stdout] 
[INFO] [stdout] 
[INFO] [stdout] error[E0061]: this function takes 1 argument but 2 arguments were supplied
[INFO] [stdout]   --> src/stats.rs:46:35
[INFO] [stdout]    |
[INFO] [stdout] 46 |                 let mut request = Request::new(Method::Post, influxdb_uri.clone());
[INFO] [stdout]    |                                   ^^^^^^^^^^^^ ------------  -------------------- supplied 2 arguments
[INFO] [stdout]    |                                   |
[INFO] [stdout]    |                                   expected 1 argument
[INFO] [stdout] 
[INFO] [stdout] 
[INFO] [stdout] error[E0061]: this function takes 0 arguments but 1 argument was supplied
[INFO] [stdout]   --> src/stats.rs:40:26
[INFO] [stdout]    |
[INFO] [stdout] 40 |             let client = Client::new(&handle);
[INFO] [stdout]    |                          ^^^^^^^^^^^ ------- supplied 1 argument
[INFO] [stdout]    |                          |
[INFO] [stdout]    |                          expected 0 arguments
[INFO] [stdout] 
[INFO] [stdout] 
[INFO] [stdout] error[E0061]: this function takes 1 argument but 2 arguments were supplied
[INFO] [stdout]   --> src/stats.rs:46:35
[INFO] [stdout]    |
[INFO] [stdout] 46 |                 let mut request = Request::new(Method::Post, influxdb_uri.clone());
[INFO] [stdout]    |                                   ^^^^^^^^^^^^ ------------  -------------------- supplied 2 arguments
[INFO] [stdout]    |                                   |
[INFO] [stdout]    |                                   expected 1 argument
[INFO] [stdout] 
[INFO] [stdout] 
[INFO] [stdout] error[E0599]: no associated item named `Post` found for struct `hyper::Method` in the current scope
[INFO] [stdout]   --> src/stats.rs:46:56
[INFO] [stdout]    |
[INFO] [stdout] 46 |                 let mut request = Request::new(Method::Post, influxdb_uri.clone());
[INFO] [stdout]    |                                                        ^^^^ associated item not found in `hyper::Method`
[INFO] [stdout] 
[INFO] [stdout] 
[INFO] [stdout] error[E0599]: no associated item named `Post` found for struct `hyper::Method` in the current scope
[INFO] [stdout]   --> src/stats.rs:46:56
[INFO] [stdout]    |
[INFO] [stdout] 46 |                 let mut request = Request::new(Method::Post, influxdb_uri.clone());
[INFO] [stdout]    |                                                        ^^^^ associated item not found in `hyper::Method`
[INFO] [stdout] 
[INFO] [stdout] 
[INFO] [stdout] error[E0599]: no method named `set_body` found for struct `hyper::Request<_>` in the current scope
[INFO] [stdout]   --> src/stats.rs:47:25
[INFO] [stdout]    |
[INFO] [stdout] 47 |                 request.set_body(series);
[INFO] [stdout]    |                         ^^^^^^^^ method not found in `hyper::Request<_>`
[INFO] [stdout] 
[INFO] [stdout] 
[INFO] [stdout] error[E0599]: no method named `set_body` found for struct `hyper::Request<_>` in the current scope
[INFO] [stdout]   --> src/stats.rs:47:25
[INFO] [stdout]    |
[INFO] [stdout] 47 |                 request.set_body(series);
[INFO] [stdout]    |                         ^^^^^^^^ method not found in `hyper::Request<_>`
[INFO] [stdout] 
[INFO] [stdout] 
[INFO] [stdout] error[E0599]: no method named `and_then` found for struct `hyper::client::ResponseFuture` in the current scope
[INFO] [stdout]    --> src/stats.rs:50:54
[INFO] [stdout]     |
[INFO] [stdout] 50  |                 let future = client.request(request).and_then(|res| {
[INFO] [stdout]     |                                                      ^^^^^^^^ method not found in `hyper::client::ResponseFuture`
[INFO] [stdout]     | 
[INFO] [stdout]    ::: /opt/rustwide/cargo-home/registry/src/github.com-1ecc6299db9ec823/futures-util-0.3.5/src/future/try_future/mod.rs:387:8
[INFO] [stdout]     |
[INFO] [stdout] 387 |     fn and_then<Fut, F>(self, f: F) -> AndThen<Self, Fut, F>
[INFO] [stdout]     |        -------- the method is available for `std::boxed::Box<hyper::client::ResponseFuture>` here
[INFO] [stdout]     |
[INFO] [stdout]     = help: items from traits can only be used if the trait is in scope
[INFO] [stdout]     = note: the following trait is implemented but not in scope; perhaps add a `use` for it:
[INFO] [stdout]             `use futures::TryFutureExt;`
[INFO] [stdout] 
[INFO] [stdout] 
[INFO] [stdout] error[E0599]: no variant or associated item named `Done` found for enum `std::result::Result<(_, _), nom::Err<_>>` in the current scope
[INFO] [stdout]   --> src/fortigate_kv.rs:54:18
[INFO] [stdout]    |
[INFO] [stdout] 54 |         IResult::Done(_, datum) => {
[INFO] [stdout]    |                  ^^^^ variant or associated item not found in `std::result::Result<(_, _), nom::Err<_>>`
[INFO] [stdout] 
[INFO] [stdout] 
[INFO] [stdout] error[E0599]: no method named `and_then` found for struct `hyper::client::ResponseFuture` in the current scope
[INFO] [stdout]    --> src/stats.rs:50:54
[INFO] [stdout]     |
[INFO] [stdout] 50  |                 let future = client.request(request).and_then(|res| {
[INFO] [stdout]     |                                                      ^^^^^^^^ method not found in `hyper::client::ResponseFuture`
[INFO] [stdout]     | 
[INFO] [stdout]    ::: /opt/rustwide/cargo-home/registry/src/github.com-1ecc6299db9ec823/futures-util-0.3.5/src/future/try_future/mod.rs:387:8
[INFO] [stdout]     |
[INFO] [stdout] 387 |     fn and_then<Fut, F>(self, f: F) -> AndThen<Self, Fut, F>
[INFO] [stdout]     |        -------- the method is available for `std::boxed::Box<hyper::client::ResponseFuture>` here
[INFO] [stdout]     |
[INFO] [stdout]     = help: items from traits can only be used if the trait is in scope
[INFO] [stdout]     = note: the following trait is implemented but not in scope; perhaps add a `use` for it:
[INFO] [stdout]             `use futures::TryFutureExt;`
[INFO] [stdout] 
[INFO] [stdout] 
[INFO] [stdout] error[E0599]: no variant or associated item named `Done` found for enum `std::result::Result<(_, _), nom::Err<_>>` in the current scope
[INFO] [stdout]   --> src/fortigate_kv.rs:54:18
[INFO] [stdout]    |
[INFO] [stdout] 54 |         IResult::Done(_, datum) => {
[INFO] [stdout]    |                  ^^^^ variant or associated item not found in `std::result::Result<(_, _), nom::Err<_>>`
[INFO] [stdout] 
[INFO] [stdout] 
[INFO] [stdout] error[E0599]: no method named `is_done` found for enum `std::result::Result<(&str, &str), nom::Err<(&str, nom::error::ErrorKind)>>` in the current scope
[INFO] [stdout]    --> src/fortigate_kv.rs:109:17
[INFO] [stdout]     |
[INFO] [stdout] 109 |     assert!(res.is_done());
[INFO] [stdout]     |                 ^^^^^^^ method not found in `std::result::Result<(&str, &str), nom::Err<(&str, nom::error::ErrorKind)>>`
[INFO] [stdout] 
[INFO] [stdout] 
[INFO] [stdout] error[E0599]: no method named `is_done` found for enum `std::result::Result<(&str, &str), nom::Err<(&str, nom::error::ErrorKind)>>` in the current scope
[INFO] [stdout]    --> src/fortigate_kv.rs:117:17
[INFO] [stdout]     |
[INFO] [stdout] 117 |     assert!(res.is_done());
[INFO] [stdout]     |                 ^^^^^^^ method not found in `std::result::Result<(&str, &str), nom::Err<(&str, nom::error::ErrorKind)>>`
[INFO] [stdout] 
[INFO] [stdout] 
[INFO] [stdout] error[E0599]: no method named `is_done` found for enum `std::result::Result<(&str, std::vec::Vec<(&str, &str)>), nom::Err<(&str, nom::error::ErrorKind)>>` in the current scope
[INFO] [stdout]    --> src/fortigate_kv.rs:125:17
[INFO] [stdout]     |
[INFO] [stdout] 125 |     assert!(res.is_done());
[INFO] [stdout]     |                 ^^^^^^^ method not found in `std::result::Result<(&str, std::vec::Vec<(&str, &str)>), nom::Err<(&str, nom::error::ErrorKind)>>`
[INFO] [stdout] 
[INFO] [stdout] 
[INFO] [stdout] error[E0599]: no method named `is_done` found for enum `std::result::Result<(&str, std::vec::Vec<(&str, &str)>), nom::Err<(&str, nom::error::ErrorKind)>>` in the current scope
[INFO] [stdout]    --> src/fortigate_kv.rs:133:17
[INFO] [stdout]     |
[INFO] [stdout] 133 |     assert!(res.is_done());
[INFO] [stdout]     |                 ^^^^^^^ method not found in `std::result::Result<(&str, std::vec::Vec<(&str, &str)>), nom::Err<(&str, nom::error::ErrorKind)>>`
[INFO] [stdout] 
[INFO] [stdout] 
[INFO] [stdout] error[E0599]: no method named `is_done` found for enum `std::result::Result<(&str, std::vec::Vec<(&str, &str)>), nom::Err<(&str, nom::error::ErrorKind)>>` in the current scope
[INFO] [stdout]    --> src/fortigate_kv.rs:141:17
[INFO] [stdout]     |
[INFO] [stdout] 141 |     assert!(res.is_done());
[INFO] [stdout]     |                 ^^^^^^^ method not found in `std::result::Result<(&str, std::vec::Vec<(&str, &str)>), nom::Err<(&str, nom::error::ErrorKind)>>`
[INFO] [stdout] 
[INFO] [stdout] 
[INFO] [stdout] error: aborting due to 13 previous errors; 2 warnings emitted
[INFO] [stdout] 
[INFO] [stdout] 
[INFO] [stdout] Some errors have detailed explanations: E0061, E0425, E0599.
[INFO] [stdout] 
[INFO] [stdout] For more information about an error, try `rustc --explain E0061`.
[INFO] [stdout] 
[INFO] [stderr] error: could not compile `log-sloth`.
[INFO] [stderr] 
[INFO] [stderr] To learn more, run the command again with --verbose.
[INFO] [stderr] warning: build failed, waiting for other jobs to finish...
[INFO] [stdout] error: aborting due to 18 previous errors; 2 warnings emitted
[INFO] [stdout] 
[INFO] [stdout] 
[INFO] [stdout] Some errors have detailed explanations: E0061, E0425, E0599.
[INFO] [stdout] 
[INFO] [stdout] For more information about an error, try `rustc --explain E0061`.
[INFO] [stdout] 
[INFO] [stderr] error: build failed
[INFO] running `Command { std: "docker" "inspect" "675af625199c20f1fd96be77bf073aaeffa2617ebb7d75b33553a002b6cbdd03", kill_on_drop: false }`
[INFO] running `Command { std: "docker" "rm" "-f" "675af625199c20f1fd96be77bf073aaeffa2617ebb7d75b33553a002b6cbdd03", kill_on_drop: false }`
[INFO] [stdout] 675af625199c20f1fd96be77bf073aaeffa2617ebb7d75b33553a002b6cbdd03
